 of 398305126.
2, 5639, 35317
What are the prime factors of 154283917?
631, 244507
List the prime factors of 106475493.
3, 113, 443, 709
List the prime factors of 490100886.
2, 3, 11, 31, 79847
What are the prime factors of 590391621?
3, 31, 2116099
What are the prime factors of 130495679?
29, 4499851
List the prime factors of 13295229.
3, 4431743
What are the prime factors of 244006932?
2, 3, 13, 120319
List the prime factors of 62884898.
2, 23, 41, 33343
What are the prime factors of 3435124663?
31, 110810473
What are the prime factors of 1290530599?
30971, 41669
What are the prime factors of 105952741?
105952741
List the prime factors of 472906785.
3, 5, 13, 186551
List the prime factors of 55400949.
3, 2051887
What are the prime factors of 50186546?
2, 25093273
What are the prime factors of 90584820?
2, 3, 5, 503249
List the prime factors of 70480107.
3, 41, 409, 467
What are the prime factors of 191158377?
3, 811, 78569
List the prime factors of 661851171.
3, 73539019
What are the prime factors of 519145792?
2, 11, 737423
List the prime factors of 29602866.
2, 3, 4933811
What are the prime factors of 706340997?
3, 78482333
What are the prime factors of 169122260?
2, 5, 8456113
List the prime factors of 76620413.
179, 428047
List the prime factors of 5625840297.
3, 7, 11, 29, 41, 20483
What are the prime factors of 826743773?
826743773
What are the prime factors of 683119796?
2, 170779949
List the prime factors of 284990102.
2, 23, 73, 84869
List the prime factors of 163250524.
2, 17, 331, 7253
What are the prime factors of 110482066?
2, 269, 205357
What are the prime factors of 7749455470?
2, 5, 3931, 197137
What are the prime factors of 1912429668?
2, 3, 23, 6929093
What are the prime factors of 533811609?
3, 59312401
What are the prime factors of 68046957?
3, 11, 687343
List the prime factors of 44763936.
2, 3, 7, 29, 2297
List the prime factors of 4579957026.
2, 3, 1487, 57037
What are the prime factors of 46042984?
2, 13, 442721
List the prime factors of 86186269.
13, 6629713
What are the prime factors of 455696739?
3, 157, 193, 557
What are the prime factors of 4888064?
2, 9547
List the prime factors of 4333452634.
2, 7, 309532331
List the prime factors of 74392263.
3, 11, 9277
List the prime factors of 93323598.
2, 3, 15553933
What are the prime factors of 2210612296?
2, 107, 2582491
What are the prime factors of 1171424323?
239, 4901357
List the prime factors of 702381916.
2, 175595479
List the prime factors of 93913140.
2, 3, 5, 23, 68053
List the prime factors of 871774816.
2, 11, 701, 3533
What are the prime factors of 3602403621?
3, 400267069
What are the prime factors of 352630283?
352630283
List the prime factors of 2380851267.
3, 10331, 76819
What are the prime factors of 36227581?
13, 607, 4591
List the prime factors of 44131158.
2, 3, 23, 37, 43, 67
List the prime factors of 611234009.
19, 1693169
What are the prime factors of 72463291?
457, 158563
What are the prime factors of 2764143558?
2, 3, 11, 67, 101, 2063
List the prime factors of 3156363335.
5, 29, 4519, 4817
What are the prime factors of 877023903?
3, 7, 67, 12721
List the prime factors of 828917472.
2, 3, 8634557
What are the prime factors of 58451408?
2, 3653213
What are the prime factors of 369011665?
5, 11, 59, 113717
List the prime factors of 304136139.
3, 101378713
What are the prime factors of 255041932?
2, 67, 951649
What are the prime factors of 989242709?
7, 13, 10870799
List the prime factors of 67930856.
2, 7, 173293
What are the prime factors of 168145785?
3, 5, 3736573
What are the prime factors of 39867280?
2, 5, 23, 47, 461
List the prime factors of 122748290.
2, 5, 7, 1753547
List the prime factors of 180005702.
2, 53, 1698167
List the prime factors of 25745721.
3, 61, 269, 523
What are the prime factors of 901750660?
2, 5, 45087533
List the prime factors of 4631903.
4631903
List the prime factors of 84267428.
2, 7, 47, 64033
What are the prime factors of 29897003?
29897003
What are the prime factors of 153624849?
3, 7, 59, 17713
List the prime factors of 113622126.
2, 3, 227, 83423
List the prime factors of 548701828.
2, 137175457
What are the prime factors of 112094364?
2, 3, 23, 53, 79, 97
List the prime factors of 9804207.
3, 7, 41, 59, 193
What are the prime factors of 1868692323?
3, 43, 14485987
What are the prime factors of 4165223118?
2, 3, 7, 59, 1680881
What are the prime factors of 22185019?
22185019
List the prime factors of 719648448.
2, 3, 3748169
What are the prime factors of 73163497?
11, 107, 5651
What are the prime factors of 8389143407?
8389143407
What are the prime factors of 394828287?
3, 7, 18801347
What are the prime factors of 584754990?
2, 3, 5, 23, 127, 6673
What are the prime factors of 71742331?
163, 233, 1889
What are the prime factors of 1286743414?
2, 11, 503, 116279
List the prime factors of 2515295408.
2, 997, 157679
What are the prime factors of 1111740614?
2, 53, 79, 132761
What are the prime factors of 6384893955?
3, 5, 11, 23, 1682449
What are the prime factors of 9673806?
2, 3, 331, 4871
What are the prime factors of 676415871?
3, 75157319
List the prime factors of 116512299.
3, 12945811
List the prime factors of 567219535.
5, 17, 101, 66071
List the prime factors of 76435299.
3, 2830937
List the prime factors of 40839741.
3, 31, 59, 827
What are the prime factors of 1169427769?
1169427769
What are the prime factors of 56075799?
3, 13, 1437841
List the prime factors of 1907186142.
2, 3, 19, 631, 26513
List the prime factors of 365454349.
13, 28111873
What are the prime factors of 356054019?
3, 5147, 23059
List the prime factors of 7327970.
2, 5, 13, 56369
What are the prime factors of 15819166?
2, 11, 47, 15299
List the prime factors of 124242558.
2, 3, 11, 19, 9007
List the prime factors of 18961635.
3, 5, 7, 11, 16417
What are the prime factors of 261690403?
13, 29, 653, 1063
List the prime factors of 17812904.
2, 2226613
List the prime factors of 1167173243.
421, 2772383
List the prime factors of 1868298728.
2, 19, 61, 201499
List the prime factors of 36010732.
2, 23, 509, 769
What are the prime factors of 2531480814?
2, 3, 797, 176459
What are the prime factors of 29702556?
2, 3, 13, 63467
What are the prime factors of 4554659951?
4554659951
List the prime factors of 578381781.
3, 701, 275027
List the prime factors of 3445716294.
2, 3, 63809561
List the prime factors of 2304601235.
5, 139, 461, 7193
What are the prime factors of 656422795?
5, 7, 307, 61091
What are the prime factors of 441059792?
2, 89, 113, 2741
List the prime factors of 434580002.
2, 217290001
What are the prime factors of 2092989266?
2, 101, 199, 52067
What are the prime factors of 3473137670?
2, 5, 347313767
What are the prime factors of 527152751?
2851, 184901
List the prime factors of 689036661.
3, 8087, 9467
List the prime factors of 45030800.
2, 5, 112577
What are the prime factors of 277701578?
2, 7, 11, 359, 5023
What are the prime factors of 60161644?
2, 43, 257, 1361
List the prime factors of 135994571.
19, 7157609
List the prime factors of 165413708.
2, 41353427
List the prime factors of 23456222.
2, 19, 617269
List the prime factors of 76261005.
3, 5, 1694689
List the prime factors of 78929213.
11, 29, 181, 1367
What are the prime factors of 869997328?
2, 43, 103, 12277
List the prime factors of 3543963314.
2, 1771981657
What are the prime factors of 24766586?
2, 13, 17, 137, 409
List the prime factors of 201085224.
2, 3, 67, 125053
What are the prime factors of 45730947?
3, 15243649
What are the prime factors of 1955629194?
2, 3, 325938199
What are the prime factors of 861129611?
17, 50654683
What are the prime factors of 1175029195?
5, 2243, 104773
What are the prime factors of 1485324341?
1485324341
What are the prime factors of 209722742?
2, 47, 2231093
What are the prime factors of 228492102?
2, 3, 29, 113, 11621
What are the prime factors of 48431094?
2, 3, 59, 136811
What are the prime factors of 2451245898?
2, 3, 19, 21502157
What are the prime factors of 7946587?
11, 722417
What are the prime factors of 532344891?
3, 13, 103, 132523
List the prime factors of 10811916.
2, 3, 300331
List the prime factors of 47587195.
5, 9517439
What are the prime factors of 431829923?
7, 29, 37, 57493
What are the prime factors 